{"id":16281,"date":"2020-04-21T16:57:19","date_gmt":"2020-04-21T14:57:19","guid":{"rendered":"http:\/\/www.evenexpo.biz\/?page_id=16281"},"modified":"2020-10-27T12:15:29","modified_gmt":"2020-10-27T11:15:29","slug":"agencement-dinterieur","status":"publish","type":"page","link":"https:\/\/www.evenexpo.biz\/?page_id=16281","title":{"rendered":"Am\u00e9nagement ext\u00e9rieur"},"content":{"rendered":"<p>[vc_row animation=\u00a0\u00bbfadeIn\u00a0\u00bb margin_top=\u00a0\u00bb20&Prime; anchor=\u00a0\u00bbatelier\u00a0\u00bb][vc_column][vc_column_text]<\/p>\n<p style=\"text-align: center;\"><strong>EVENEXPO, sp\u00e9cialiste de l\u2019am\u00e9nagement en bois pour vos ext\u00e9rieurs, offre aux professionnels et particuliers un large panel de produits. <\/strong><\/p>\n<p>[\/vc_column_text][rev_slider_vc alias=\u00a0\u00bbamenagement-exterieur\u00a0\u00bb][vc_column_text]<\/p>\n<p style=\"text-align: center;\"><strong>D\u00e9couvrez les terrasses, panneaux, cl\u00f4tures, carports et abris en bois pour d\u00e9corer votre jardin.<\/strong><\/p>\n<p style=\"text-align: center;\"><strong>Notre \u00e9quipe met \u00e0 votre disposition ses services et son expertise pour vous accompagner dans tous vos projets.<\/strong><\/p>\n<p style=\"text-align: center;\"><strong>Du choix de vos terrasses en bois jusqu\u2019\u00e0 leur installation, vous b\u00e9n\u00e9ficiez d\u2019un r\u00e9el soutien et de pr\u00e9cieux conseils.<\/strong><\/p>\n<p style=\"text-align: center;\"><strong>Toutes nos r\u00e9alisations sont fabriqu\u00e9es en France (en r\u00e9gion parisienne) et nous en assurons la mise en oeuvre dans toute la France ainsi qu&rsquo;\u00e0 l&rsquo;\u00e9tranger.<br \/>\n<\/strong><\/p>\n<p style=\"text-align: center;\"><a href=\"http:\/\/www.evenexpo.biz\/?page_id=14893\"><span style=\"color: #98bf00;\"><strong>N\u2019h\u00e9sitez pas \u00e0 nous contacter !<\/strong><\/span><\/a><\/p>\n<p>&nbsp;<\/p>\n<p><strong>T\u00e9l\u00e9chargez notre plaquette \u00ab\u00a0Agencement d&rsquo;int\u00e9rieur &amp; Am\u00e9nagement d&rsquo;ext\u00e9rieur\u00a0\u00bb pour d\u00e9couvrir nos derni\u00e8res r\u00e9alisations : <\/strong><strong><a style=\"color: #98bf00;\" href=\"http:\/\/www.evenexpo.biz\/wp-content\/uploads\/2020\/10\/Evenexpo_nos-derni\u00e8res-realisations.pdf\" target=\"_blank\" rel=\"noopener\">cliquez ici<\/a><\/strong>[\/vc_column_text][\/vc_column][\/vc_row]<\/p>\n","protected":false},"excerpt":{"rendered":"<p>[vc_row animation=\u00a0\u00bbfadeIn\u00a0\u00bb margin_top=\u00a0\u00bb20&Prime; anchor=\u00a0\u00bbatelier\u00a0\u00bb][vc_column][vc_column_text] EVENEXPO, sp\u00e9cialiste de l\u2019am\u00e9nagement en bois pour vos ext\u00e9rieurs, offre aux professionnels et particuliers un large panel de produits. [\/vc_column_text][rev_slider_vc alias=\u00a0\u00bbamenagement-exterieur\u00a0\u00bb][vc_column_text] D\u00e9couvrez les terrasses, panneaux, cl\u00f4tures, carports et abris en bois pour d\u00e9corer votre jardin. Notre \u00e9quipe met \u00e0 votre disposition ses services et son expertise pour vous accompagner dans tous&hellip;<\/p>\n","protected":false},"author":1,"featured_media":0,"parent":0,"menu_order":0,"comment_status":"closed","ping_status":"closed","template":"","meta":[],"_links":{"self":[{"href":"https:\/\/www.evenexpo.biz\/index.php?rest_route=\/wp\/v2\/pages\/16281"}],"collection":[{"href":"https:\/\/www.evenexpo.biz\/index.php?rest_route=\/wp\/v2\/pages"}],"about":[{"href":"https:\/\/www.evenexpo.biz\/index.php?rest_route=\/wp\/v2\/types\/page"}],"author":[{"embeddable":true,"href":"https:\/\/www.evenexpo.biz\/index.php?rest_route=\/wp\/v2\/users\/1"}],"replies":[{"embeddable":true,"href":"https:\/\/www.evenexpo.biz\/index.php?rest_route=%2Fwp%2Fv2%2Fcomments&post=16281"}],"version-history":[{"count":10,"href":"https:\/\/www.evenexpo.biz\/index.php?rest_route=\/wp\/v2\/pages\/16281\/revisions"}],"predecessor-version":[{"id":16487,"href":"https:\/\/www.evenexpo.biz\/index.php?rest_route=\/wp\/v2\/pages\/16281\/revisions\/16487"}],"wp:attachment":[{"href":"https:\/\/www.evenexpo.biz\/index.php?rest_route=%2Fwp%2Fv2%2Fmedia&parent=16281"}],"curies":[{"name":"wp","href":"https:\/\/api.w.org\/{rel}","templated":true}]}}

Aménagement extérieur

<p>[vc_row animation= »fadeIn » margin_top= »20&Prime; anchor= »atelier »][vc_column][vc_column_text]</p>
<p style="text-align: center;"><strong>EVENEXPO, spécialiste de l’aménagement en bois pour vos extérieurs, offre aux professionnels et particuliers un large panel de produits. </strong></p>
<p>[/vc_column_text][rev_slider_vc alias= »amenagement-exterieur »][vc_column_text]</p>
<p style="text-align: center;"><strong>Découvrez les terrasses, panneaux, clôtures, carports et abris en bois pour décorer votre jardin.</strong></p>
<p style="text-align: center;"><strong>Notre équipe met à votre disposition ses services et son expertise pour vous accompagner dans tous vos projets.</strong></p>
<p style="text-align: center;"><strong>Du choix de vos terrasses en bois jusqu’à leur installation, vous bénéficiez d’un réel soutien et de précieux conseils.</strong></p>
<p style="text-align: center;"><strong>Toutes nos réalisations sont fabriquées en France (en région parisienne) et nous en assurons la mise en oeuvre dans toute la France ainsi qu&rsquo;à l&rsquo;étranger.<br />
</strong></p>
<p style="text-align: center;"><a href="http://www.evenexpo.biz/?page_id=14893"><span style="color: #98bf00;"><strong>N’hésitez pas à nous contacter !</strong></span></a></p>
<p>&nbsp;</p>
<p><strong>Téléchargez notre plaquette « Agencement d&rsquo;intérieur &amp; Aménagement d&rsquo;extérieur » pour découvrir nos dernières réalisations : </strong><strong><a style="color: #98bf00;" href="http://www.evenexpo.biz/wp-content/uploads/2020/10/Evenexpo_nos-dernières-realisations.pdf" target="_blank" rel="noopener">cliquez ici</a></strong>[/vc_column_text][/vc_column][/vc_row]</p>

<p>[vc_row animation= »fadeIn » margin_top= »20&Prime; anchor= »atelier »][vc_column][vc_column_text] EVENEXPO, spécialiste de l’aménagement en bois pour vos extérieurs, offre aux professionnels et particuliers un large panel de produits. [/vc_column_text][rev_slider_vc alias= »amenagement-exterieur »][vc_column_text] Découvrez les terrasses, panneaux, clôtures, carports et abris en bois pour décorer votre jardin. Notre équipe met à votre disposition ses services et son expertise pour vous accompagner dans tous&hellip;</p>
