{"id":15178,"date":"2017-01-28T12:29:19","date_gmt":"2017-01-28T11:29:19","guid":{"rendered":"http:\/\/www.evenexpo.biz\/nvzwpee\/?page_id=15178"},"modified":"2017-11-30T11:21:30","modified_gmt":"2017-11-30T10:21:30","slug":"mentions-legales","status":"publish","type":"page","link":"https:\/\/www.evenexpo.biz\/?page_id=15178","title":{"rendered":"Mentions l\u00e9gales"},"content":{"rendered":"<p>[vc_row][vc_column][vc_column_text]Vous \u00eates actuellement connect\u00e9 au site internet www.evenexpo.biz, fourni par la soci\u00e9t\u00e9 Evenexpo SA., immatricul\u00e9e sous le num\u00e9ro RCS 40344220500023.<\/p>\n<p>&nbsp;<\/p>\n<p>Adresse :<\/p>\n<p>ZAC des Fosses Neufs &#8211; 4 rue du Parc des Vergers &#8211; 91250 Tigery<\/p>\n<p>&nbsp;<\/p>\n<h4>Droits de propri\u00e9t\u00e9 intelectuelle<\/h4>\n<p>Les Images pr\u00e9sentes sur le Site, qu\u2019ils appartiennent \u00e0 EVENEXPO ou tout autre tiers sont prot\u00e9g\u00e9es notamment par le droit d&rsquo;auteur, le droit des marques, le droit des brevets, ou tout autre droit reconnu par la l\u00e9gislation en vigueur. Les utilisateurs s\u2019engagent \u00e0 ne pas utiliser, modifier, supprimer, adapter, c\u00e9der, diffuser ou exploiter de quelque mani\u00e8re que se soit les Images prot\u00e9g\u00e9es sans autorisation expresse des titulaires ou des ayant droits des droits attach\u00e9s aux Images concern\u00e9es.<\/p>\n<p>&nbsp;<\/p>\n<h4>R\u00e9alisation du site<\/h4>\n<p>Le site a \u00e9t\u00e9 cr\u00e9\u00e9 par :<br \/>\n<strong>NEW-VIZION<\/strong> &#8211; 22 rue Godefroy 92800 Puteaux &#8211; www.new-vizion.com<\/p>\n<p>&nbsp;<\/p>\n<h4>H\u00e9bergement<\/h4>\n<p>Le site est h\u00e9berg\u00e9 par OVH.[\/vc_column_text][\/vc_column][\/vc_row]<\/p>\n","protected":false},"excerpt":{"rendered":"<p>[vc_row][vc_column][vc_column_text]Vous \u00eates actuellement connect\u00e9 au site internet www.evenexpo.biz, fourni par la soci\u00e9t\u00e9 Evenexpo SA., immatricul\u00e9e sous le num\u00e9ro RCS 40344220500023. &nbsp; Adresse : ZAC des Fosses Neufs &#8211; 4 rue du Parc des Vergers &#8211; 91250 Tigery &nbsp; Droits de propri\u00e9t\u00e9 intelectuelle Les Images pr\u00e9sentes sur le Site, qu\u2019ils appartiennent \u00e0 EVENEXPO ou tout autre&hellip;<\/p>\n","protected":false},"author":1,"featured_media":0,"parent":0,"menu_order":0,"comment_status":"closed","ping_status":"closed","template":"","meta":[],"_links":{"self":[{"href":"https:\/\/www.evenexpo.biz\/index.php?rest_route=\/wp\/v2\/pages\/15178"}],"collection":[{"href":"https:\/\/www.evenexpo.biz\/index.php?rest_route=\/wp\/v2\/pages"}],"about":[{"href":"https:\/\/www.evenexpo.biz\/index.php?rest_route=\/wp\/v2\/types\/page"}],"author":[{"embeddable":true,"href":"https:\/\/www.evenexpo.biz\/index.php?rest_route=\/wp\/v2\/users\/1"}],"replies":[{"embeddable":true,"href":"https:\/\/www.evenexpo.biz\/index.php?rest_route=%2Fwp%2Fv2%2Fcomments&post=15178"}],"version-history":[{"count":2,"href":"https:\/\/www.evenexpo.biz\/index.php?rest_route=\/wp\/v2\/pages\/15178\/revisions"}],"predecessor-version":[{"id":15880,"href":"https:\/\/www.evenexpo.biz\/index.php?rest_route=\/wp\/v2\/pages\/15178\/revisions\/15880"}],"wp:attachment":[{"href":"https:\/\/www.evenexpo.biz\/index.php?rest_route=%2Fwp%2Fv2%2Fmedia&parent=15178"}],"curies":[{"name":"wp","href":"https:\/\/api.w.org\/{rel}","templated":true}]}}