{"id":16378,"date":"2020-10-21T13:43:39","date_gmt":"2020-10-21T11:43:39","guid":{"rendered":"http:\/\/www.evenexpo.biz\/?post_type=dt_gallery&#038;p=16378"},"modified":"2020-10-21T13:46:26","modified_gmt":"2020-10-21T11:46:26","slug":"federation-francaise-de-moto-moto-legende","status":"publish","type":"dt_gallery","link":"https:\/\/www.evenexpo.biz\/?dt_gallery=federation-francaise-de-moto-moto-legende","title":{"rendered":"F\u00e9d\u00e9ration Fran\u00e7aise de Moto &#8211; Moto L\u00e9gende"},"content":{"rendered":"<p>F\u00e9d\u00e9ration Fran\u00e7aise de Moto &#8211; Moto L\u00e9gende<\/p>\n","protected":false},"excerpt":{"rendered":"<p>F\u00e9d\u00e9ration Fran\u00e7aise de Moto &#8211; Moto L\u00e9gende<\/p>\n","protected":false},"author":3,"featured_media":0,"comment_status":"closed","ping_status":"closed","template":"","dt_gallery_category":[94],"_links":{"self":[{"href":"https:\/\/www.evenexpo.biz\/index.php?rest_route=\/wp\/v2\/dt_gallery\/16378"}],"collection":[{"href":"https:\/\/www.evenexpo.biz\/index.php?rest_route=\/wp\/v2\/dt_gallery"}],"about":[{"href":"https:\/\/www.evenexpo.biz\/index.php?rest_route=\/wp\/v2\/types\/dt_gallery"}],"author":[{"embeddable":true,"href":"https:\/\/www.evenexpo.biz\/index.php?rest_route=\/wp\/v2\/users\/3"}],"replies":[{"embeddable":true,"href":"https:\/\/www.evenexpo.biz\/index.php?rest_route=%2Fwp%2Fv2%2Fcomments&post=16378"}],"version-history":[{"count":1,"href":"https:\/\/www.evenexpo.biz\/index.php?rest_route=\/wp\/v2\/dt_gallery\/16378\/revisions"}],"predecessor-version":[{"id":16380,"href":"https:\/\/www.evenexpo.biz\/index.php?rest_route=\/wp\/v2\/dt_gallery\/16378\/revisions\/16380"}],"wp:attachment":[{"href":"https:\/\/www.evenexpo.biz\/index.php?rest_route=%2Fwp%2Fv2%2Fmedia&parent=16378"}],"wp:term":[{"taxonomy":"dt_gallery_category","embeddable":true,"href":"https:\/\/www.evenexpo.biz\/index.php?rest_route=%2Fwp%2Fv2%2Fdt_gallery_category&post=16378"}],"curies":[{"name":"wp","href":"https:\/\/api.w.org\/{rel}","templated":true}]}}

Fédération Française de Moto &#8211; Moto Légende

<p>Fédération Française de Moto &#8211; Moto Légende</p>
